{"id":220,"date":"2018-11-29T18:50:22","date_gmt":"2018-11-29T16:50:22","guid":{"rendered":"http:\/\/www.vanhamylly.info\/wordpress\/?page_id=220"},"modified":"2018-12-09T16:37:29","modified_gmt":"2018-12-09T14:37:29","slug":"siivous","status":"publish","type":"page","link":"http:\/\/www.vanhamylly.info\/wordpress\/siivous\/","title":{"rendered":"siivous"},"content":{"rendered":"<p>Asiakas vastaa m\u00f6kin, saunan ja niiden pihapiirin siisteydest\u00e4 vuokra-aikana ja luovuttaa ne siivottuna.<\/p>\n<p>Siivouksen voi my\u00f6s tilata ennakkoon m\u00f6kkivarausta tehdess\u00e4.Mik\u00e4li siivousta ei vuokra-ajan p\u00e4\u00e4tytty\u00e4 ole suoritettu tai on suoritettu puutteellisesti, perit\u00e4\u00e4n siivousmaksu alkaen 85\u20ac \/ m\u00f6kki.<\/p>\n<p>Siivouksessa m\u00f6kki on j\u00e4tett\u00e4v\u00e4 moitteettomaan kuntoon kaikilta osin.<\/p>\n<p><strong>Tupakointi on ehdottomasti kielletty kaikissa m\u00f6kkien sis\u00e4tiloissa.<\/strong> Mik\u00e4li m\u00f6kiss\u00e4 on tupakoitu, laskutetaan todelliset siivouskulut asiakkaalta. Kustannukset koostuvat mm. tekstiilien pesuista, seinien ja pintojen pesuista ja mahdollista seuraavien asiakkaiden varauksien peruutuksista.\u00a0 T\u00e4m\u00e4n johdosta kustannukset nousevat hyvin korkeiksi.<\/p>\n<p>Asuntovaunun, -auton tai teltan k\u00e4yt\u00f6st\u00e4 on ilmoitettava etuk\u00e4teen varausta teht\u00e4ess\u00e4.<\/p>\n<p>Lemmikkiel\u00e4inten tuomisesta lomakohteeseen on ilmoitettava varausta teht\u00e4ess\u00e4 ja lemmikkiel\u00e4imi\u00e4 saa tuoda vain m\u00f6kkeihin, joissa se on sallittu.<\/p>\n","protected":false},"excerpt":{"rendered":"<p>Asiakas vastaa m\u00f6kin, saunan ja niiden pihapiirin siisteydest\u00e4 vuokra-aikana ja luovuttaa ne siivottuna. Siivouksen voi my\u00f6s tilata ennakkoon m\u00f6kkivarausta tehdess\u00e4.Mik\u00e4li siivousta ei vuokra-ajan p\u00e4\u00e4tytty\u00e4 ole suoritettu tai on suoritettu puutteellisesti, perit\u00e4\u00e4n siivousmaksu alkaen 85\u20ac \/ m\u00f6kki. Siivouksessa m\u00f6kki on j\u00e4tett\u00e4v\u00e4 moitteettomaan kuntoon kaikilta osin. Tupakointi on ehdottomasti kielletty kaikissa m\u00f6kkien sis\u00e4tiloissa. Mik\u00e4li m\u00f6kiss\u00e4 on tupakoitu, &hellip; <\/p>\n<p class=\"link-more\"><a href=\"http:\/\/www.vanhamylly.info\/wordpress\/siivous\/\" class=\"more-link\">Jatka lukemista<span class=\"screen-reader-text\"> &#8221;siivous&#8221;<\/span><\/a><\/p>\n","protected":false},"author":1,"featured_media":0,"parent":0,"menu_order":0,"comment_status":"closed","ping_status":"closed","template":"","meta":[],"_links":{"self":[{"href":"http:\/\/www.vanhamylly.info\/wordpress\/wp-json\/wp\/v2\/pages\/220"}],"collection":[{"href":"http:\/\/www.vanhamylly.info\/wordpress\/wp-json\/wp\/v2\/pages"}],"about":[{"href":"http:\/\/www.vanhamylly.info\/wordpress\/wp-json\/wp\/v2\/types\/page"}],"author":[{"embeddable":true,"href":"http:\/\/www.vanhamylly.info\/wordpress\/wp-json\/wp\/v2\/users\/1"}],"replies":[{"embeddable":true,"href":"http:\/\/www.vanhamylly.info\/wordpress\/wp-json\/wp\/v2\/comments?post=220"}],"version-history":[{"count":2,"href":"http:\/\/www.vanhamylly.info\/wordpress\/wp-json\/wp\/v2\/pages\/220\/revisions"}],"predecessor-version":[{"id":298,"href":"http:\/\/www.vanhamylly.info\/wordpress\/wp-json\/wp\/v2\/pages\/220\/revisions\/298"}],"wp:attachment":[{"href":"http:\/\/www.vanhamylly.info\/wordpress\/wp-json\/wp\/v2\/media?parent=220"}],"curies":[{"name":"wp","href":"https:\/\/api.w.org\/{rel}","templated":true}]}}