{"id":235,"date":"2018-11-29T18:58:14","date_gmt":"2018-11-29T16:58:14","guid":{"rendered":"http:\/\/www.vanhamylly.info\/wordpress\/?page_id=235"},"modified":"2018-11-29T18:58:14","modified_gmt":"2018-11-29T16:58:14","slug":"oikeus-hintojen-muutoksiin","status":"publish","type":"page","link":"http:\/\/www.vanhamylly.info\/wordpress\/oikeus-hintojen-muutoksiin\/","title":{"rendered":"oikeus hintojen muutoksiin"},"content":{"rendered":"<p>M\u00f6kkikyl\u00e4 Vanha Mylly Oy varaa oikeuden oikaista hintatiedoissa olevat virheet ennen sopimuksen syntymist\u00e4. M\u00f6kkikyl\u00e4 Vanhalla Myllyll\u00e4 on oikeus korottaa ja vastaavasti velvollisuus alentaa sovittuja hintoja.<\/p>\n","protected":false},"excerpt":{"rendered":"<p>M\u00f6kkikyl\u00e4 Vanha Mylly Oy varaa oikeuden oikaista hintatiedoissa olevat virheet ennen sopimuksen syntymist\u00e4. M\u00f6kkikyl\u00e4 Vanhalla Myllyll\u00e4 on oikeus korottaa ja vastaavasti velvollisuus alentaa sovittuja hintoja.<\/p>\n","protected":false},"author":1,"featured_media":0,"parent":0,"menu_order":0,"comment_status":"closed","ping_status":"closed","template":"","meta":[],"_links":{"self":[{"href":"http:\/\/www.vanhamylly.info\/wordpress\/wp-json\/wp\/v2\/pages\/235"}],"collection":[{"href":"http:\/\/www.vanhamylly.info\/wordpress\/wp-json\/wp\/v2\/pages"}],"about":[{"href":"http:\/\/www.vanhamylly.info\/wordpress\/wp-json\/wp\/v2\/types\/page"}],"author":[{"embeddable":true,"href":"http:\/\/www.vanhamylly.info\/wordpress\/wp-json\/wp\/v2\/users\/1"}],"replies":[{"embeddable":true,"href":"http:\/\/www.vanhamylly.info\/wordpress\/wp-json\/wp\/v2\/comments?post=235"}],"version-history":[{"count":1,"href":"http:\/\/www.vanhamylly.info\/wordpress\/wp-json\/wp\/v2\/pages\/235\/revisions"}],"predecessor-version":[{"id":236,"href":"http:\/\/www.vanhamylly.info\/wordpress\/wp-json\/wp\/v2\/pages\/235\/revisions\/236"}],"wp:attachment":[{"href":"http:\/\/www.vanhamylly.info\/wordpress\/wp-json\/wp\/v2\/media?parent=235"}],"curies":[{"name":"wp","href":"https:\/\/api.w.org\/{rel}","templated":true}]}}