{"id":39,"date":"2018-11-25T15:51:18","date_gmt":"2018-11-25T13:51:18","guid":{"rendered":"http:\/\/www.vanhamylly.info\/wordpress\/?page_id=39"},"modified":"2018-11-29T20:49:14","modified_gmt":"2018-11-29T18:49:14","slug":"tietoja","status":"publish","type":"page","link":"http:\/\/www.vanhamylly.info\/wordpress\/tietoja\/","title":{"rendered":"Luonto ja n\u00e4ht\u00e4vyydet"},"content":{"rendered":"<p><span style=\"color: #3366ff;\"><a style=\"color: #3366ff;\" href=\"https:\/\/www.facebook.com\/lauhanvuoriregion\/\">Suupohjan alueella luontomatkailu on nostanut hienosti suosiotaan.<\/a><\/span><br \/>\nLuonnossa voi kokea monia j\u00e4nnitt\u00e4vi\u00e4 hetki\u00e4 perheen ja yst\u00e4vien kesken.<\/p>\n<p>Listasimme muutamia sivustoja mit\u00e4 voimme l\u00e4mm\u00f6ll\u00e4 suositella:<br \/>\n<span style=\"color: #3366ff;\"><a style=\"color: #3366ff;\" href=\"http:\/\/www.seikkailesuupohjassa.fi\/paikkakunnat?p=laavu\">Seikkaile Suupohjassa<\/a><\/span><br \/>\n<span style=\"color: #3366ff;\"><a style=\"color: #3366ff;\" href=\"http:\/\/www.suupohja.fi\/reitit\/\">Retki Suupohjan luontoon<\/a><\/span><\/p>\n<p><span style=\"color: #000000;\">Jos et viel\u00e4 ole kokeillut geok\u00e4tk\u00f6ily\u00e4 on sen aloittaminen<span style=\"color: #3366ff;\"> <a style=\"color: #3366ff;\" href=\"https:\/\/xn--geoktkt-8wa8n.fi\/opas\/geokatkojen-etsiminen\/\">helppoa<\/a>.<\/span><br \/>\n<\/span><a style=\"color: #3366ff;\" href=\"https:\/\/xn--geoktkt-8wa8n.fi\/opas\/aloittaminen\/\">Geok\u00e4tk\u00f6-oppaan<\/a>\u00a0<span style=\"color: #000000;\">avulla p\u00e4\u00e4set aloittamaan t\u00e4m\u00e4n hauskan harrastuksen. M\u00f6kkikyl\u00e4n ymp\u00e4rist\u00f6ss\u00e4 on eri tasoisia k\u00e4tk\u00f6j\u00e4.<\/span><\/p>\n<p><span style=\"color: #000000;\">M\u00f6kkikyl\u00e4n pihasta l\u00e4htee merkitty reitist\u00f6<span style=\"color: #3366ff;\"> <a style=\"color: #3366ff;\" href=\"http:\/\/www.seikkailesuupohjassa.fi\/kohde?id=iso-kakkori\">Iso-Kakkoriin<\/a><\/span>.<br \/>\nIso-Kakkori on ihastuttava paikka, miss\u00e4 perheen pienemm\u00e4tkin viihtyv\u00e4t.<br \/>\n<\/span><\/p>\n<p><img decoding=\"async\" loading=\"lazy\" class=\"alignnone wp-image-157 size-large\" src=\"http:\/\/www.vanhamylly.info\/wordpress\/wp-content\/uploads\/2018\/11\/IMG_7914-683x1024.jpg\" alt=\"\" width=\"525\" height=\"787\" srcset=\"http:\/\/www.vanhamylly.info\/wordpress\/wp-content\/uploads\/2018\/11\/IMG_7914-683x1024.jpg 683w, http:\/\/www.vanhamylly.info\/wordpress\/wp-content\/uploads\/2018\/11\/IMG_7914-200x300.jpg 200w, http:\/\/www.vanhamylly.info\/wordpress\/wp-content\/uploads\/2018\/11\/IMG_7914-768x1152.jpg 768w\" sizes=\"(max-width: 525px) 100vw, 525px\" \/><\/p>\n<p><img decoding=\"async\" loading=\"lazy\" class=\"alignnone wp-image-163 size-large\" src=\"http:\/\/www.vanhamylly.info\/wordpress\/wp-content\/uploads\/2018\/11\/IMG_7882-683x1024.jpg\" alt=\"\" width=\"525\" height=\"787\" srcset=\"http:\/\/www.vanhamylly.info\/wordpress\/wp-content\/uploads\/2018\/11\/IMG_7882-683x1024.jpg 683w, http:\/\/www.vanhamylly.info\/wordpress\/wp-content\/uploads\/2018\/11\/IMG_7882-200x300.jpg 200w, http:\/\/www.vanhamylly.info\/wordpress\/wp-content\/uploads\/2018\/11\/IMG_7882-768x1152.jpg 768w\" sizes=\"(max-width: 525px) 100vw, 525px\" \/><\/p>\n<p><img decoding=\"async\" loading=\"lazy\" class=\"alignnone wp-image-159 size-large\" src=\"http:\/\/www.vanhamylly.info\/wordpress\/wp-content\/uploads\/2018\/11\/IMG_7945-1024x682.jpg\" alt=\"\" width=\"525\" height=\"350\" srcset=\"http:\/\/www.vanhamylly.info\/wordpress\/wp-content\/uploads\/2018\/11\/IMG_7945-1024x682.jpg 1024w, http:\/\/www.vanhamylly.info\/wordpress\/wp-content\/uploads\/2018\/11\/IMG_7945-300x200.jpg 300w, http:\/\/www.vanhamylly.info\/wordpress\/wp-content\/uploads\/2018\/11\/IMG_7945-768x512.jpg 768w, http:\/\/www.vanhamylly.info\/wordpress\/wp-content\/uploads\/2018\/11\/IMG_7945.jpg 2000w\" sizes=\"(max-width: 525px) 100vw, 525px\" \/><\/p>\n<p><img decoding=\"async\" loading=\"lazy\" class=\"alignnone wp-image-160 size-large\" src=\"http:\/\/www.vanhamylly.info\/wordpress\/wp-content\/uploads\/2018\/11\/IMG_7907-683x1024.jpg\" alt=\"\" width=\"525\" height=\"787\" srcset=\"http:\/\/www.vanhamylly.info\/wordpress\/wp-content\/uploads\/2018\/11\/IMG_7907-683x1024.jpg 683w, http:\/\/www.vanhamylly.info\/wordpress\/wp-content\/uploads\/2018\/11\/IMG_7907-200x300.jpg 200w, http:\/\/www.vanhamylly.info\/wordpress\/wp-content\/uploads\/2018\/11\/IMG_7907-768x1152.jpg 768w\" sizes=\"(max-width: 525px) 100vw, 525px\" \/><\/p>\n<p style=\"text-align: center;\"><strong><em>Iloa ja\u00a0mukavia\u00a0yhteisi\u00e4\u00a0hetki\u00e4 luonnossa!<\/em><\/strong><\/p>\n","protected":false},"excerpt":{"rendered":"<p>Suupohjan alueella luontomatkailu on nostanut hienosti suosiotaan. Luonnossa voi kokea monia j\u00e4nnitt\u00e4vi\u00e4 hetki\u00e4 perheen ja yst\u00e4vien kesken. Listasimme muutamia sivustoja mit\u00e4 voimme l\u00e4mm\u00f6ll\u00e4 suositella: Seikkaile Suupohjassa Retki Suupohjan luontoon Jos et viel\u00e4 ole kokeillut geok\u00e4tk\u00f6ily\u00e4 on sen aloittaminen helppoa. Geok\u00e4tk\u00f6-oppaan\u00a0avulla p\u00e4\u00e4set aloittamaan t\u00e4m\u00e4n hauskan harrastuksen. M\u00f6kkikyl\u00e4n ymp\u00e4rist\u00f6ss\u00e4 on eri tasoisia k\u00e4tk\u00f6j\u00e4. M\u00f6kkikyl\u00e4n pihasta l\u00e4htee merkitty &hellip; <\/p>\n<p class=\"link-more\"><a href=\"http:\/\/www.vanhamylly.info\/wordpress\/tietoja\/\" class=\"more-link\">Jatka lukemista<span class=\"screen-reader-text\"> &#8221;Luonto ja n\u00e4ht\u00e4vyydet&#8221;<\/span><\/a><\/p>\n","protected":false},"author":1,"featured_media":158,"parent":0,"menu_order":0,"comment_status":"closed","ping_status":"closed","template":"","meta":[],"_links":{"self":[{"href":"http:\/\/www.vanhamylly.info\/wordpress\/wp-json\/wp\/v2\/pages\/39"}],"collection":[{"href":"http:\/\/www.vanhamylly.info\/wordpress\/wp-json\/wp\/v2\/pages"}],"about":[{"href":"http:\/\/www.vanhamylly.info\/wordpress\/wp-json\/wp\/v2\/types\/page"}],"author":[{"embeddable":true,"href":"http:\/\/www.vanhamylly.info\/wordpress\/wp-json\/wp\/v2\/users\/1"}],"replies":[{"embeddable":true,"href":"http:\/\/www.vanhamylly.info\/wordpress\/wp-json\/wp\/v2\/comments?post=39"}],"version-history":[{"count":28,"href":"http:\/\/www.vanhamylly.info\/wordpress\/wp-json\/wp\/v2\/pages\/39\/revisions"}],"predecessor-version":[{"id":276,"href":"http:\/\/www.vanhamylly.info\/wordpress\/wp-json\/wp\/v2\/pages\/39\/revisions\/276"}],"wp:featuredmedia":[{"embeddable":true,"href":"http:\/\/www.vanhamylly.info\/wordpress\/wp-json\/wp\/v2\/media\/158"}],"wp:attachment":[{"href":"http:\/\/www.vanhamylly.info\/wordpress\/wp-json\/wp\/v2\/media?parent=39"}],"curies":[{"name":"wp","href":"https:\/\/api.w.org\/{rel}","templated":true}]}}